12) to base 16.
-1b0
What is 10001100111 (base 2) in base 7?
3200
What is 68d1 (base 15) in base 11?
15794
-10a9d (base 14) to base 12
-1b543
What is 56510 (base 7) in base 14?
5307
What is 270 (base 12) in base 6?
1420
70551 (base 8) to base 5
1412113
What is -120021 (base 5) in base 15?
-1476
Convert -135553 (base 6) to base 13.
-5b89
7633 (base 9) to base 8
12763
-1740 (base 15) to base 13
-2385
Convert 246 (base 12) to base 10.
342
-54b (base 14) to base 3
-1102210
What is 4080 (base 10) in base 2?
111111110000
Convert -123445 (base 7) to base 12.
-11297
-169c (base 13) to base 11
-2567
What is -112220 (base 3) in base 11?
-336
Convert 55346 (base 7) to base 12.
8065
776 (base 15) to base 16
696
Convert 666 (base 7) to base 10.
342
What is -330 (base 12) in base 8?
-724
Convert 22003 (base 5) to base 12.
a53
-596 (base 11) to base 15
-325
Convert 57 (base 8) to base 2.
101111
What is -311124 (base 6) in base 12?
-124a4
-11101000 (base 2) to base 4
-3220
-60b (base 14) to base 3
-1121222
Convert -3a1 (base 13) to base 11.
-530
Convert -a3a (base 14) to base 8.
-3734
Convert 116 (base 9) to base 3.
10120
Convert a72 (base 12) to base 13.
905
Convert -1556 (base 11) to base 10.
-1997
-201201 (base 3) to base 6
-2244
Convert -21031 (base 7) to base 14.
-1c51
Convert -797 (base 10) to base 5.
-11142
Convert 43a (base 12) to base 2.
1001101110
30313 (base 4) to base 8
1467
What is -1a6d (base 16) in base 6?
-51153
What is 34213 (base 7) in base 10?
8683
What is 4023 (base 14) in base 2?
10101011111111
Convert 22330310 (base 4) to base 6.
543352
What is 635 (base 14) in base 15?
568
Convert -1613 (base 14) to base 5.
-111222
-4555 (base 7) to base 6
-11401
10111011001 (base 2) to base 5
21442
-13505 (base 10) to base 5
-413010
-285 (base 12) to base 15
-1ae
Convert 200012 (base 3) to base 11.
407
What is -498b (base 16) in base 3?
-221211022
What is 990 (base 10) in base 11?
820
1a76 (base 15) to base 14
213a
Convert -3b8 (base 14) to base 15.
-350
-4200 (base 6) to base 10
-936
-20545 (base 6) to base 13
-1376
Convert -202042 (base 5) to base 11.
-499a
What is -130 (base 6) in base 8?
-66
Convert 408 (base 13) to base 15.
309
Convert -38b (base 16) to base 5.
-12112
Convert 2d4d (base 15) to base 12.
5784
What is 20230003 (base 4) in base 10?
35587
What is -3613 (base 7) in base 3?
-1211101
-2212102 (base 4) to base 12
-61aa
Convert -3a7f (base 16) to base 15.
-4685
What is -a773 (base 16) in base 10?
-42867
What is -5578 (base 13) in base 10?
-11929
43555 (base 8) to base 6
220353
Convert 1948 (base 11) to base 6.
15240
What is -110100011 (base 2) in base 3?
-120112
10232 (base 4) to base 7
611
What is -3023 (base 5) in base 7?
-1063
What is -29e0 (base 16) in base 4?
-2213200
Convert 10947 (base 14) to base 11.
28265
What is cce9 (base 16) in base 8?
146351
Convert -11d7b (base 14) to base 16.
-ab29
Convert 2d4 (base 15) to base 11.
540
What is 17122 (base 10) in base 9?
25434
Convert -2221222012 (base 3) to base 10.
-58298
Convert 2849 (base 15) to base 6.
103523
Convert 6817 (base 9) to base 14.
1b9c
-21836 (base 9) to base 14
-5420
What is -345 (base 11) in base 13?
-259
-32120 (base 4) to base 9
-1232
What is 100201200 (base 3) in base 10?
7092
What is 111041 (base 5) in base 16?
f38
What is -10144 (base 5) in base 14?
-362
42132 (base 6) to base 4
1120220
Convert -5317 (base 13) to base 10.
-11512
11111001 (base 2) to base 6
1053
Convert 103175 (base 8) to base 13.
12895
-3260 (base 7) to base 9
-1538
49b6 (base 12) to base 5
231341
Convert 35 (base 7) to base 12.
22
What is a50 (base 15) in base 16?
915
14a3 (base 15) to base 8
10514
Convert -18612 (base 9) to base 12.
-7562
What is 432104 (base 5) in base 11?
10012
Convert -1a97 (base 12) to base 3.
-11111121
What is 5a9 (base 13) in base 15?
459
Convert -3220 (base 7) to base 10.
-1141
-211504 (base 8) to base 13
-260c8
-7973 (base 10) to base 7
-32150
Convert -466 (base 7) to base 13.
-15a
10101001001 (base 2) to base 7
3642
What is -3c4 (base 14) in base 2?
-1011111000
What is 1000000 (base 2) in base 10?
64
Convert -134 (base 11) to base 2.
-10011110
Convert 5dc (base 14) to base 11.
978
What is -315 (base 9) in base 6?
-1105
-11525 (base 10) to base 15
-3635
What is -3305 (base 6) in base 16?
-2f9
What is -11532 (base 7) in base 10?
-3012
13330 (base 4) to base 12
364
-dde (base 15) to base 14
-11dc
Convert -4157 (base 8) to base 7.
-6203
-1da0 (base 14) to base 9
-7405
-de (base 15) to base 6
-545
What is 338 (base 11) in base 15?
1be
Convert 2220 (base 6) to base 14.
28c
-41 (base 5) to base 10
-21
What is 3013 (base 8) in base 6?
11055
What is -175 (base 8) in base 6?
-325
1210102 (base 5) to base 2
101011111111111
Convert 202 (base 12) to base 4.
10202
Convert -1302110 (base 4) to base 14.
-2948
2001 (base 9) to base 6
10431
What is 161 (base 15) in base 16?
13c
Convert -221100011 (base 3) to base 4.
-10200220
What is -3033 (base 7) in base 10?
-1053
Convert 10000331 (base 4) to base 8.
40075
What is 560 (base 14) in base 12?
748
What is 7a (base 14) in base 5?
413
Convert 58 (base 11) to base 2.
111111
101111110 (base 2) to base 9
464
What is 2656 (base 9) in base 11?
1554
101020111 (base 3) to base 8
16451
Convert 1e6 (base 15) to base 5.
3231
1001111111000010 (base 2) to base 4
21333002
11320 (base 4) to base 13
22c
What is -55667 (base 8) in base 6?
-300411
-26bd (base 16) to base 8
-23275
What is 3832 (base 9) in base 13?
13c4
472 (base 10) to base 16
1d8
What is 5042 (base 6) in base 7?
3140
-12933 (base 11) to base 13
-8507
What is 136602 (base 7) in base 10?
26364
1311241 (base 6) to base 4
101132221
Convert -2210100 (base 3) to base 4.
-133302
What is 3334 (base 8) in base 3?
2102001
Convert -344 (base 14) to base 6.
-3000
What is 255 (base 8) in base 13?
104
Convert 63546 (base 8) to base 2.
110011101100110
Convert -10230 (base 5) to base 2.
-1010110010
Convert -1259 (base 11) to base 15.
-742
-1220201 (base 3) to base 14
-71a
What is -100000100100000 (base 2) in base 8?
-40440
Convert 6110 (base 14) to base 6.
205110
Convert -46c (base 14) to base 3.
-1012121
Convert -386 (base 13) to base 4.
-21221
Convert -32502 (base 6) to base 8.
-10626
Convert -116 (base 11) to base 6.
-350
-1b59 (base 15) to base 6
-43250
What is 1066 (base 13) in base 16?
8e9
What is -24232 (base 5) in base 14?
-93b
Convert 222 (base 12) to base 9.
378
Convert -2a9 (base 12) to base 4.
-12201
Convert -54 (base 16) to base 3.
-10010
-b10 (base 14) to base 2
-100001111010
What is -2232233 (base 4) in base 3?
-120100012
What is 255 (base 9) in base 4?
3110
What is -779 (base 16) in base 9?
-2555
Convert 796 (base 16) to base 13.
b65
What is 301020 (base 4) in base 8?
6110
What is 6961 (base 12) in base 14?
43c5
What is -1000010001 (base 2) in base 7?
-1354
What is 112330 (base 4) in base 3?
2000101
1ec3 (base 16) to base 6
100243
-4537 (base 9) to base 8
-6433
What is -411240 (base 5) in base 15?
-3e30
What is -2111 (base 8) in base 11?
-908
-35d (base 14) to base 3
-220212
13013 (base 7) to base 10
3440
Convert 11211011 (base 3) to base 5.
103024
-21122 (base 3) to base 6
-542
-112305 (base 6) to base 9
-14165
What is 3018 (base 11) in base 9?
5447
869 (base 16) to base 5
32103
-1135 (base 15) to base 14
-148a
8b1 (base 12) to base 13
77b
12012100 (base 3) to base 13
1956
11210 (base 4) to base 11
2a4
Convert 258 (base 12) to base 5.
2411
What is -2031 (base 5) in base 14?
-150
8848 (base 11) to base 5
333133
Convert 1311 (base 6) to base 7.
652
Convert 2632 (base 12) to base 6.
32102
Convert 366 (base 12) to base 16.
1fe
Convert 32da (base 15) to base 11.
8110
-414335 (base 6) to base 7
-166235
Convert 4502 (base 6) to base 3.
1102202
What is 1681 (base 9) in base 14?
680
3422 (base 8) to base 11
13a6
What is -35238 (base 9) in base 4?
-11233211
Convert 130033 (base 4) to base 10.
1807
9a7 (base 16) to base 13
1181
What is 132 (base 14) in base 15?
110
What is -12ad7 (base 14) in base 7?
-251160
Convert 8598 (base 13) to base 12.
a896
Convert 2545 (base 11) to base 2.
110011110100
1816 (base 13) to base 2
110111110000
Convert -1a3a (base 14) to base 10.
-4756
What is -22011022 (base 3) in base 13?
-2927
What is 1011100101101 (base 2) in base 4?
1130231
What is -784 (base 11) in base 16?
-3